{"id":3277,"date":"2026-03-02T22:01:53","date_gmt":"2026-03-02T19:01:53","guid":{"rendered":"https:\/\/melihayildiz.org\/?page_id=3277"},"modified":"2026-03-17T02:38:55","modified_gmt":"2026-03-16T23:38:55","slug":"dil","status":"publish","type":"page","link":"https:\/\/melihayildiz.org\/?page_id=3277","title":{"rendered":"Dil"},"content":{"rendered":"\n<p>S\u0131rbistan&#8217;da kullan\u0131lan dil S\u0131rp\u00e7a.<\/p>\n\n\n\n<p>Genelde yaz\u0131ld\u0131\u011f\u0131 gibi okunur.<\/p>\n\n\n\n<p>\u00dclkede hem Latin hem S\u0131rp Kiril alfabesi kullan\u0131l\u0131r. Bir\u00e7ok yerde ikisi ayn\u0131 anda kullan\u0131l\u0131r.<\/p>\n\n\n\n<p> <strong>*<\/strong>\u015eehir i\u00e7i ula\u015f\u0131m ara\u00e7lar\u0131nda genelde Kiril alfabesi kullan\u0131l\u0131r. A\u015fa\u011f\u0131daki linkte; Latin alfabesini Kiril alfabesine \u00e7eviren klavyeyle, gitmek istedi\u011finiz yeri \u00f6\u011frenebilirsiniz.<\/p>\n\n\n\n<p><a href=\"https:\/\/www.lexilogos.com\/keyboard\/serbian.htm\">https:\/\/www.lexilogos.com\/keyboard\/serbian.htm<\/a><\/p>\n\n\n\n<figure class=\"wp-block-image size-full is-resized\"><img loading=\"lazy\" decoding=\"async\" width=\"679\" height=\"1007\" src=\"https:\/\/melihayildiz.org\/wp-content\/uploads\/2026\/03\/51xTaeX3AhL._AC_SX679_-Duzenlendi.jpg\" alt=\"\" class=\"wp-image-3337\" style=\"aspect-ratio:0.6742949550388356;width:372px;height:auto\" srcset=\"https:\/\/melihayildiz.org\/wp-content\/uploads\/2026\/03\/51xTaeX3AhL._AC_SX679_-Duzenlendi.jpg 679w, https:\/\/melihayildiz.org\/wp-content\/uploads\/2026\/03\/51xTaeX3AhL._AC_SX679_-Duzenlendi-202x300.jpg 202w\" sizes=\"auto, (max-width: 679px) 100vw, 679px\" \/><\/figure>\n","protected":false},"excerpt":{"rendered":"<p>S\u0131rbistan&#8217;da kullan\u0131lan dil S\u0131rp\u00e7a. Genelde yaz\u0131ld\u0131\u011f\u0131 gibi okunur. \u00dclkede hem Latin hem S\u0131rp Kiril&hellip;<\/p>\n","protected":false},"author":1,"featured_media":0,"parent":0,"menu_order":0,"comment_status":"closed","ping_status":"closed","template":"","meta":{"footnotes":""},"class_list":["post-3277","page","type-page","status-publish","hentry"],"_links":{"self":[{"href":"https:\/\/melihayildiz.org\/index.php?rest_route=\/wp\/v2\/pages\/3277","targetHints":{"allow":["GET"]}}],"collection":[{"href":"https:\/\/melihayildiz.org\/index.php?rest_route=\/wp\/v2\/pages"}],"about":[{"href":"https:\/\/melihayildiz.org\/index.php?rest_route=\/wp\/v2\/types\/page"}],"author":[{"embeddable":true,"href":"https:\/\/melihayildiz.org\/index.php?rest_route=\/wp\/v2\/users\/1"}],"replies":[{"embeddable":true,"href":"https:\/\/melihayildiz.org\/index.php?rest_route=%2Fwp%2Fv2%2Fcomments&post=3277"}],"version-history":[{"count":5,"href":"https:\/\/melihayildiz.org\/index.php?rest_route=\/wp\/v2\/pages\/3277\/revisions"}],"predecessor-version":[{"id":3356,"href":"https:\/\/melihayildiz.org\/index.php?rest_route=\/wp\/v2\/pages\/3277\/revisions\/3356"}],"wp:attachment":[{"href":"https:\/\/melihayildiz.org\/index.php?rest_route=%2Fwp%2Fv2%2Fmedia&parent=3277"}],"curies":[{"name":"wp","href":"https:\/\/api.w.org\/{rel}","templated":true}]}}